{"id":113,"date":"2020-11-11T04:55:14","date_gmt":"2020-11-11T03:55:14","guid":{"rendered":"http:\/\/adomode.net\/informations\/?page_id=113"},"modified":"2020-12-03T04:25:50","modified_gmt":"2020-12-03T03:25:50","slug":"castings-et-concours-de-mannequins","status":"publish","type":"page","link":"http:\/\/adomode.net\/informations\/castings-et-concours-de-mannequins\/","title":{"rendered":"Castings et Concours de Mannequins"},"content":{"rendered":"<p>AdoMode annonce des informations de castings et de concours dans sa <a href=\"https:\/\/www.facebook.com\/AdoModeFr\" target=\"_blank\" rel=\"noopener noreferrer\"><strong>page Facebook<\/strong><\/a>, et vous pouvez aimer la page afin de nous suivre !<\/p>\n<p>De temps en temps, il est m\u00eame possible de vous pr\u00e9senter des <strong><a href=\"http:\/\/adomode.net\/informations\/reportages\/\" target=\"_blank\" rel=\"noopener noreferrer\">Reportages <\/a><\/strong>dans la partie concern\u00e9e du site.<\/p>\n<p>AdoMode ne souhaite pas vous partager des concours qui sont trompeurs, du genre un &#8220;concours du mannequinat&#8221; que tout le monde peut y participer et qu&#8217;il faut par exemple payer les photos r\u00e9alis\u00e9es lors de l&#8217;\u00e9v\u00e8nement. AdoMode est \u00e9galement contre les concours qui se basent en grande partie sur des sms&#8230; Nous ne voulons pas faire d\u00e9penser de l&#8217;argent qui ne s&#8217;av\u00e8re pas obligatoire pour devenir mannequin&#8230;<\/p>\n<p>Un vrai casting pour devenir mannequin = c&#8217;est gratuit et les photos sont gratuites ! (C&#8217;est l&#8217;agence qui paye le ou les photographes, etc&#8230;)<\/p>\n<p>Une agence recrute des personnes en pensant les faire travailler toutes (que \u00e7a soit une fois ou plusieurs fois dans l&#8217;ann\u00e9e) afin de gagner de l&#8217;argent avec elles&#8230;&nbsp; Les mannequins sont pay\u00e9es uniquement par les agences !!<\/p>\n\n\n<hr class=\"wp-block-separator\"\/>\n\n\n<p><u>Voici des agences de mannequins qui acceptent des personnes mineures<\/u> :<\/p>\n\n\n<span style=\"font-size:13pt;\"><strong>ANAKENA MODELS AGENCY<\/strong> \u2013 <strong><a href=\"https:\/\/www.anakenamodelsagency.fr\/anakena-models\" target=\"_blank\" rel=\"noopener noreferrer\">www.anakenamodelsagency.fr<\/a><\/strong><\/span><br>\nH\u00e9l\u00e8ne Perrymond cr\u00e9e en 2000, ANAKENA MODELS AGENCY, l\u2019agence du Grand Sud. L\u2019agence repr\u00e9sente aujourd\u2019hui plus d\u2019un millier de mannequins : HOMMES \/ FEMMES \/ ENFANTS mais aussi COMEDIENS, SENIORS et CELEBRITES SPORTIVES. L\u2019agence accepte les candidatures d\u2019ados qui habitent \u00e0 moins de 60 kms des villes de Toulouse, Bordeaux, Biarritz, Montpellier, Toulon.<br>\n&nbsp;<br>\n<span style=\"font-size:13pt;\"><strong>APPARENCE<\/strong> \u2013 <strong><a href=\"http:\/\/www.apparence.fr\" target=\"_blank\" rel=\"noopener noreferrer\">www.apparence.fr<\/a><\/strong><\/span><br>\nL\u2019agence de mannequins est pr\u00e9sente en Aquitaine depuis 1995 et en Rh\u00f4ne Alpes depuis 2012. Elle a un bureau \u00e0 Bordeaux et un autre \u00e0 Lyon, afin de r\u00e9pondre aux demandes de castings, photos, tournages, pub, d\u00e9fil\u00e9s de mode, e-commerce, catalogues.<br>\n&nbsp;<br>\n<span style=\"font-size:13pt;\"><strong>ART ET MODE<\/strong> \u2013 <strong><a href=\"http:\/\/www.art-et-mode.com\" target=\"_blank\" rel=\"noopener noreferrer\">www.art-et-mode.com<\/a><\/strong><\/span><br>\nImplant\u00e9e sur Annecy, ainsi qu&#8217;\u00e0 Besan\u00e7on et Montpellier : ART ET MODE est une agence de mannequins pour femmes, hommes, juniors et enfants.<br>\n&nbsp;<br>\n<span style=\"font-size:13pt;\"><strong>BOUT\u2019CHOU<\/strong> \u2013 <strong><a href=\"http:\/\/www.boutchou.fr\" target=\"_blank\" rel=\"noopener noreferrer\">www.boutchou.fr<\/a><\/strong><\/span><br>\nCr\u00e9\u00e9e en 1993, BOUT\u2019CHOU est une agence de mannequins enfants et juniors.<br>\nElle n\u2019accepte que des personnes habitant Paris et sa r\u00e9gion.<br>\n&nbsp;<br>\n<span style=\"font-size:13pt;\"><strong>CUTE MODELS<\/strong> \u2013 <strong><a href=\"http:\/\/www.agencecute.com\/\" target=\"_blank\" rel=\"noopener noreferrer\">www.agencecute.com<\/a><\/strong><\/span><br>\nL\u2019Agence est situ\u00e9e \u00e0 Paris. Elle est sp\u00e9cialis\u00e9e en b\u00e9b\u00e9s, enfants, juniors et com\u00e9diens pour photos, films publicitaires (pub), mode et cin\u00e9ma.<br>\n&nbsp;<br>\n<span style=\"font-size:13pt;\"><strong>DES FILLES ET DES GAR\u00c7ONS<\/strong> \u2013 <strong><a href=\"http:\/\/www.desfillesetdesgarcons.fr\" target=\"_blank\" rel=\"noopener noreferrer\">www.desfillesetdesgarcons.fr<\/a><\/strong><\/span><br>\nL&#8217;agence de mannequins enfants est une agence cr\u00e9\u00e9e le 1er janvier 2012. Des Filles et des Gar\u00e7ons est le d\u00e9partement enfants de l\u2019agence de mannequins adultes Crystal et de l&#8217;agence de com\u00e9diens adultes Parall\u00e8le. L&#8217;agence recrute des candidats habitant Paris ou r\u00e9gion parisienne ; les castings et projets se passant essentiellement dans cette r\u00e9gion.<br>\n&nbsp;<br>\n<span style=\"font-size:13pt;\"><strong>ENJOY MODELS MANAGEMENT<\/strong> \u2013 <strong><a href=\"http:\/\/www.enjoy-models.net\" target=\"_blank\" rel=\"noopener noreferrer\">www.enjoy-models.net<\/a><\/strong><\/span><br>\nCette agence internationale a des bureaux \u00e0 Paris, Lyon, Marseille et Nice.<br>\nElle organise \u00e9galement un concours qui accepte \u00e0 partir de 14 ans et \u00e0 partir de 1m73. <br>\n&nbsp;<br>\n<span style=\"font-size:13pt;\"><strong>FRIMOUSSE<\/strong> \u2013 <strong><a href=\"http:\/\/www.agencefrimousse.com\" target=\"_blank\" rel=\"noopener noreferrer\">www.agencefrimousse.com<\/a><\/strong><\/span><br>\nCr\u00e9\u00e9e en 1982, et situ\u00e9e \u00e0 Paris, FRIMOUSSE est une agence de mannequins juniors-enfants.<br>\n&nbsp;<br>\n<span style=\"font-size:13pt;\"><strong>HOURRA MODELS<\/strong> \u2013 <strong><a href=\"http:\/\/www.hourra.net\" target=\"_blank\" rel=\"noopener noreferrer\">www.hourra.net<\/a><\/strong><\/span><br>\nCr\u00e9\u00e9e en 1989, l\u2019agence a des bureaux \u00e0 Paris, Lyon, Marseille et Nice, afin de satisfaire le plus grand monde.<br>\n&nbsp;<br>\n<span style=\"font-size:13pt;\"><strong>LES MOMES<\/strong> \u2013 <strong><a href=\"http:\/\/www.lesmomes.fr\" target=\"_blank\" rel=\"noopener noreferrer\">www.lesmomes.fr<\/a><\/strong><\/span><br>\nCr\u00e9\u00e9e en 2008, l&#8217;agence accepte des mineurs de 3 mois \u00e0 18 ans.<br>\nIl faut habiter exclusivement Paris et la r\u00e9gion parisienne.<br>\n&nbsp;<br>\n<span style=\"font-size:13pt;\"><strong>LILI M<\/strong> \u2013 <strong><a href=\"http:\/\/www.lilim.fr\" target=\"_blank\" rel=\"noopener noreferrer\">www.lilim.fr<\/a><\/strong><\/span><br>\nL&#8217;agence est \u00e9tablie \u00e0 Nantes depuis 2005. Elle propose des mannequins enfants et adultes : aux agences de publicit\u00e9, photographes publicitaires, annonceurs et soci\u00e9t\u00e9s de films publicitaires.<br>\n&nbsp;<br>\n<span style=\"font-size:13pt;\"><strong>PEOPLE<\/strong> \u2013 <strong><a href=\"https:\/\/www.people.fr\/\" target=\"_blank\" rel=\"noopener noreferrer\">www.people.fr<\/a><\/strong><\/span><br>\nL\u2019agence de mannequins People International a \u00e9t\u00e9 cr\u00e9\u00e9e en 1985. En 2005, l\u2019agence People international s\u2019associe \u00e0 l\u2019agence de com\u00e9diens Coccinelle. Les premi\u00e8res ann\u00e9es, l\u2019agence PEOPLE repr\u00e9sente les adultes du groupe et l\u2019agence COCCINELLE repr\u00e9sente les enfants. Dor\u00e9navant les deux d\u00e9partements sont r\u00e9unis sous le nom \u00ab Agence People \u00bb (hommes, femmes et enfants) et repr\u00e9sente pr\u00e8s de 3000 mannequins, sportifs et com\u00e9diens pour des s\u00e9ances photos et tournages vid\u00e9os, catalogues, d\u00e9fil\u00e9s, publicit\u00e9s.<br>\n&nbsp;<br>\n<span style=\"font-size:13pt;\"><strong>PERFECT MODEL<\/strong> \u2013 <strong><a href=\"http:\/\/www.perfectmodel.fr\" target=\"_blank\" rel=\"noopener noreferrer\">www.perfectmodel.fr<\/a><\/strong><\/span><br>\nL&#8217;agence est \u00e9tablie \u00e0 Lille depuis 1995.<br>\nPour postuler, il faut \u00eatre ag\u00e9e d\u2019au moins 14 ans et mesurer plus de 1m72.<br>\nIl faut imp\u00e9rativement r\u00e9sider dans le d\u00e9partement du 59 ou 62.<br>\n&nbsp;<br>\n<span style=\"font-size:13pt;\"><strong>RODEO KIDS<\/strong> \u2013 <strong><a href=\"http:\/\/www.rodeo-kids.com\" target=\"_blank\" rel=\"noopener noreferrer\">www.rodeo-kids.com<\/a><\/strong><\/span><br>\nFond\u00e9e en 2011, l\u2019agence RODEO obtient l\u2019agr\u00e9ment enfants pour ouvrir son d\u00e9partement d\u00e9di\u00e9 aux b\u00e9b\u00e9s de 3 mois jusqu&#8217;aux adolescents de 16 ans : RODEO Kids.<br>\nIl est imp\u00e9ratif d&#8217;habiter \u00e0 moins de 50km de l\u2019agence situ\u00e9e dans le 8\u00e8me arrondissement de Paris.<br>\n&nbsp;<br>\n<span style=\"font-size:13pt;\"><strong>TEEN<\/strong> \u2013 <strong><a href=\"http:\/\/www.teen.fr\" target=\"_blank\" rel=\"noopener noreferrer\">www.teen.fr<\/a><\/strong><\/span><br>\nTEEN est une agence de mannequins pour les enfants et ados, filles et gar\u00e7ons, \u00e2g\u00e9s de 3 mois \u00e0 18 ans. Cr\u00e9\u00e9e \u00e0 Paris en 2001, TEEN g\u00e8re plus de 1500 enfants et ados.<br>\n&nbsp;<br>\n<span style=\"font-size:13pt;\"><strong>TOTEM<\/strong> \u2013 <strong><a href=\"http:\/\/www.treebu.com\" target=\"_blank\" rel=\"noopener noreferrer\">www.treebu.com<\/a><\/strong><\/span><br>\nL\u2019agence est bas\u00e9e \u00e0 Cholet, et accepte les candidatures d\u2019enfants entre 3 mois et 16ans, des r\u00e9gions Bretagne, Pays de la Loire, Poitou-Charentes, et la Basse-Normandie. A partir de 17ans, toutes les r\u00e9gions sont accept\u00e9es.<br>\n&nbsp;<br>\n<span style=\"font-size:13pt;\"><strong>SINDY BOP<\/strong> \u2013 <strong><a href=\"http:\/\/www.sindy-bop.com\" target=\"_blank\" rel=\"noopener noreferrer\">www.sindy-bop.com<\/a><\/strong><\/span><br>\nCr\u00e9\u00e9e en 1987 par Corine PECOUT, l\u2019agence propose un large choix toujours croissant de mannequins adultes, enfants, s\u00e9niors, parisiens et provinciaux. L\u2019agence est bas\u00e9e \u00e0 Bordeaux.<br>\n&nbsp;<br>\n<span style=\"font-size:13pt;\"><strong>SUCCESS KIDS<\/strong> \u2013 <strong><a href=\"http:\/\/kids.successmodels.com\" target=\"_blank\" rel=\"noopener noreferrer\">kids.successmodels.com<\/a><\/strong><\/span><br>\nL\u2019agence Success fut d\u2019abord sp\u00e9cialis\u00e9e en mannequinat pour hommes. Ainsi na\u00eet Success Kids en 1989. L\u2019agence accueille des mannequins de 3 mois \u00e0 16 ans, habitant Paris ou la r\u00e9gion parisienne.<br>\n&nbsp;<br>\n\n\n\n<hr class=\"wp-block-separator\"\/>\n\n\n\n<p>Si vous avez une information \u00e0 nous faire connaitre : Merci de nous contacter !<\/p>\n\n\n\n&nbsp;<br>\nSi gr\u00e2ce \u00e0 AdoMode, vous avez par la suite une r\u00e9ussite : vous pouvez nous le faire savoir !<br>\nNous les avons aid\u00e9 : <strong><a href=\"http:\/\/www.adomode.net\/informations\/reussites\/mannequins\/\"><font color=\"#F79CD2\">Mannequins<\/font><\/a><\/strong> ou <strong><a href=\"http:\/\/www.adomode.net\/informations\/reussites\/ambassadrices\/\"><font color=\"#F79CD2\">Ambassadrices<\/font><\/a><\/strong>.<br>\n&nbsp;<br>\n&nbsp;<br>\n ","protected":false},"excerpt":{"rendered":"<p>AdoMode annonce des informations de castings et de concours dans sa page Facebook, et vous pouvez aimer la page afin de nous suivre ! De temps en temps, il est m\u00eame possible de vous pr\u00e9senter des Reportages dans la partie concern\u00e9e du site. AdoMode ne souhaite pas vous partager des concours qui sont trompeurs, du &hellip; <\/p>\n","protected":false},"author":1,"featured_media":0,"parent":0,"menu_order":0,"comment_status":"closed","ping_status":"closed","template":"","meta":[],"_links":{"self":[{"href":"http:\/\/adomode.net\/informations\/wp-json\/wp\/v2\/pages\/113"}],"collection":[{"href":"http:\/\/adomode.net\/informations\/wp-json\/wp\/v2\/pages"}],"about":[{"href":"http:\/\/adomode.net\/informations\/wp-json\/wp\/v2\/types\/page"}],"author":[{"embeddable":true,"href":"http:\/\/adomode.net\/informations\/wp-json\/wp\/v2\/users\/1"}],"replies":[{"embeddable":true,"href":"http:\/\/adomode.net\/informations\/wp-json\/wp\/v2\/comments?post=113"}],"version-history":[{"count":32,"href":"http:\/\/adomode.net\/informations\/wp-json\/wp\/v2\/pages\/113\/revisions"}],"predecessor-version":[{"id":1014,"href":"http:\/\/adomode.net\/informations\/wp-json\/wp\/v2\/pages\/113\/revisions\/1014"}],"wp:attachment":[{"href":"http:\/\/adomode.net\/informations\/wp-json\/wp\/v2\/media?parent=113"}],"curies":[{"name":"wp","href":"https:\/\/api.w.org\/{rel}","templated":true}]}}