{"id":192,"date":"2020-11-22T03:47:47","date_gmt":"2020-11-22T02:47:47","guid":{"rendered":"http:\/\/adomode.net\/informations\/?page_id=192"},"modified":"2020-12-03T04:27:40","modified_gmt":"2020-12-03T03:27:40","slug":"reportages","status":"publish","type":"page","link":"http:\/\/adomode.net\/informations\/reportages\/","title":{"rendered":"Reportages"},"content":{"rendered":"\n<p><\/p>\n\n\n<p>Dans cette partie, il vous est pr\u00e9sent\u00e9 des reportages lors de concours de mannequins et d&#8217;\u00e9lections de Miss.<\/p>\n<p><\/p>\n\n\n<hr class=\"wp-block-separator\"\/>\n\n\n<p><\/p>\n<p style=\"text-align: center;\">Cette partie est actuellement vide !<\/p>\n<p><\/p>\n\n\n<hr class=\"wp-block-separator\"\/>\n\n\n<p><em>Si vous \u00eates photographe et souhaitez voir vos images partag\u00e9es aupr\u00e8s de AdoMode : <a href=\"http:\/\/www.adomode.net\/informations\/contacts\/\"><strong>Merci de nous contacter !<\/strong><\/a><\/em><\/p>\n\n\n&nbsp;<br>\n ","protected":false},"excerpt":{"rendered":"<p>Dans cette partie, il vous est pr\u00e9sent\u00e9 des reportages lors de concours de mannequins et d&#8217;\u00e9lections de Miss. Cette partie est actuellement vide ! Si vous \u00eates photographe et souhaitez voir vos images partag\u00e9es aupr\u00e8s de AdoMode : Merci de nous contacter ! &nbsp;<\/p>\n","protected":false},"author":1,"featured_media":0,"parent":0,"menu_order":0,"comment_status":"closed","ping_status":"closed","template":"","meta":[],"_links":{"self":[{"href":"http:\/\/adomode.net\/informations\/wp-json\/wp\/v2\/pages\/192"}],"collection":[{"href":"http:\/\/adomode.net\/informations\/wp-json\/wp\/v2\/pages"}],"about":[{"href":"http:\/\/adomode.net\/informations\/wp-json\/wp\/v2\/types\/page"}],"author":[{"embeddable":true,"href":"http:\/\/adomode.net\/informations\/wp-json\/wp\/v2\/users\/1"}],"replies":[{"embeddable":true,"href":"http:\/\/adomode.net\/informations\/wp-json\/wp\/v2\/comments?post=192"}],"version-history":[{"count":17,"href":"http:\/\/adomode.net\/informations\/wp-json\/wp\/v2\/pages\/192\/revisions"}],"predecessor-version":[{"id":1016,"href":"http:\/\/adomode.net\/informations\/wp-json\/wp\/v2\/pages\/192\/revisions\/1016"}],"wp:attachment":[{"href":"http:\/\/adomode.net\/informations\/wp-json\/wp\/v2\/media?parent=192"}],"curies":[{"name":"wp","href":"https:\/\/api.w.org\/{rel}","templated":true}]}}