{"id":21,"date":"2020-11-10T23:17:06","date_gmt":"2020-11-10T22:17:06","guid":{"rendered":"http:\/\/adomode.net\/informations\/?page_id=21"},"modified":"2020-12-02T17:03:16","modified_gmt":"2020-12-02T16:03:16","slug":"aides-et-conseils","status":"publish","type":"page","link":"http:\/\/adomode.net\/informations\/aides-et-conseils\/","title":{"rendered":"Aides et Conseils"},"content":{"rendered":"\n<p><span style=\"font-size:12pt;\">Notre objectif est de r\u00e9pondre \u00e0 vos interrogations et de vous \u00e9viter d&#8217;avoir des soucis.<br \/>\n&nbsp;<br \/>\nNous sommes \u00e0 votre disposition pour vous aider.<br \/>\nVous pouvez ainsi nous contacter afin d&#8217;avoir des r\u00e9ponses \u00e0 vos questions.<br \/>\n&nbsp;<br \/>\n&nbsp;<br \/>\nBon \u00e0 savoir : L\u2019inscription dans une vraie agence de mannequins est toujours gratuite.<br \/>\nVous n\u2019avez rien \u00e0 payer !<br \/>\nSi ce n\u2019est pas le cas : il s\u2019agit d&#8217;une arnaque.<\/span><br \/>\n&nbsp;<br \/>\n&nbsp;<br \/>\nSi gr\u00e2ce \u00e0 AdoMode, vous avez par la suite une r\u00e9ussite : vous pouvez nous le faire savoir !<br \/>\nNous les avons aid\u00e9 : <strong><a href=\"http:\/\/www.adomode.net\/informations\/reussites\/mannequins\/\"><font color=\"#F79CD2\">Mannequins<\/font><\/a><\/strong> ou <strong><a href=\"http:\/\/www.adomode.net\/informations\/reussites\/ambassadrices\/\"><font color=\"#F79CD2\">Ambassadrices<\/font><\/a><\/strong>.<br \/>\n&nbsp;<br \/>\n&nbsp;<br \/>\n<span style=\"font-size:13pt;\"><u>Voici un groupe Facebook que nous vous conseillons qui peut vous aider<\/u> :<\/span>\n&nbsp;\n<ul>\n<li><a href=\"https:\/\/www.facebook.com\/groups\/801076006632972\" target=\"_blank\" rel=\"noopener noreferrer\"><font color=\"#F79CD2\">Avis &#038; Conseils ~ Photographie &#038; Mannequinat<\/font><\/a><\/li>\n<\/ul>\n&nbsp;<br \/>\n&nbsp;<br \/>\n<span style=\"font-size:13pt;\"><u>Voici quelques questions-r\u00e9ponses<\/u> :<\/span><br \/>\n&nbsp;<br \/>\n<font color=\"#F79CD2\"><strong><span style=\"font-size:13pt;\">Beaucoup de personnes me disent que je suis tr\u00e8s jolie, et j&#8217;ai peur de ne pas r\u00e9ussir dans le mannequinat. Que dois-je faire !?<\/span><\/font><br \/>\n&nbsp;<br \/>\n<em>Dans un premier temps, il est judicieux de se tester lors d&#8217;un shooting avec un photographe, afin d&#8217;apprendre \u00e0 poser devant quelqu&#8217;un qui a l&#8217;habitude de faire cela. Celui-ci va vous apprendre des techniques de poses et va vous donner des conseils. Vous allez m\u00eame peut-\u00eatre avoir des contacts gr\u00e2ce \u00e0 ce shooting.<br \/>\nUne personne tr\u00e8s jolie n&#8217;est pas forcement photog\u00e9nique, et l&#8217;inverse est \u00e9galement possible. De plus, ce n&#8217;est pas parce que vous avez des qualit\u00e9s physiques \u00e0 l&#8217;\u00e2ge de 15 ans, que vous les aurez \u00e9galement \u00e0 l&#8217;\u00e2ge de 18 ans.<br \/>\nPar la suite, si plusieurs photographes vous disent que vous avez vraiment du potentiel : vous devez les croire et essayer de tenter votre chance en proposant votre candidature aupr\u00e8s d&#8217;agences de mannequins.<\/em><\/strong>\n<p>&nbsp;<\/p>\n<strong><font color=\"#F79CD2\"><span style=\"font-size:13pt;\">Comment \u00eatre photog\u00e9nique !?<\/span><\/font><br \/>\n&nbsp;<br \/>\n<em>Certaines personnes ont ce don et n&#8217;ont donc pas besoin de faire d&#8217;efforts particuliers ; alors que d&#8217;autres personnes doivent s&#8217;am\u00e9liorer<br \/>\nIl faut consid\u00e9rer la photographie comme un jeu dans lequel vous jouez des r\u00f4les. Le jeu du regard est quelque chose d&#8217;hyper important.<br \/>\nIl est \u00e0 noter que certaines personnes font de la photo en n&#8217;ayant jamais travailler leur regard et c&#8217;est souvent pour cette unique raison qu&#8217;elles n&#8217;ont pas les opportunit\u00e9s les plus s\u00e9rieuses et int\u00e9ressantes.<br \/>\nAmusez-vous \u00e0 regarder des photos de mod\u00e8les, en ne regardant que les yeux et la bouche&#8230;<br \/>\n<\/em><\/strong>\n<p>&nbsp;<\/p>\n<strong><font color=\"#F79CD2\"><span style=\"font-size:13pt;\">Je mesure moins de 1m70 et je ne pense pas pouvoir participer \u00e0 des shooting.<br \/>\nAi-je raison !?<\/span><\/font><br \/>\n&nbsp;<br \/>\n<em>Non, il s&#8217;agit d&#8217;une fausse id\u00e9e. Tout le monde peut faire mod\u00e8le photo, et donc de participer \u00e0 des shooting avec des photographes. Des personnes de moins de 1M70 r\u00e9ussissent dans ce milieu. Il est vrai que c&rsquo;est plus dur afin de pouvoir participer dans certains projets.<\/em><\/strong>\n<p>&nbsp;<\/p>\n<strong><font color=\"#F79CD2\"><span style=\"font-size:13pt;\">Suis-je oblig\u00e9 de cr\u00e9er un book avec un seul photographe ?<\/span><\/font><br \/>\n&nbsp;<br \/>\n<em>Bien s\u00fbr que non, et bien au contraire, un book doit contenir des photos vari\u00e9es de diff\u00e9rents styles, et donc vous devez faire des photos avec plusieurs photographes. De plus, vous devez varier votre coiffure et votre maquillage.<\/em><\/strong>\n<p>&nbsp;<\/p>\n<strong><font color=\"#F79CD2\"><span style=\"font-size:13pt;\">Est-ce int\u00e9ressant de participer \u00e0 une \u00e9lection de Miss ?<\/span><\/font><br \/>\n&nbsp;<br \/>\n<em>Toute exp\u00e9rience est toujours bonne \u00e0 prendre.<br \/>\nIl y a plusieurs concours qui acceptent des ados, donc autant en profiter.<br \/>\nVous devez consid\u00e9rer ces concours comme des &laquo;&nbsp;\u00e9coles&nbsp;&raquo; pour devenir Miss ; par exemple, lorsque vous aurez la majorit\u00e9 pour participer \u00e0 des \u00e9lections qualificatives au concours de Miss France.<br \/>\nVous pouvez profiter de cette exp\u00e9rience pour par la suite devenir mannequin pro, et vous avez aussi la chance de rencontrer des professionnels de la mode.<br \/>\nEn commen\u00e7ant tr\u00e8s jeune, par exemple \u00e0 16 ans, vous avez plus de chances d&#8217;avoir de la r\u00e9ussite \u00e0 18 ans, car vous aurez d\u00e9j\u00e0 de l&#8217;avance sur les autres, concernant votre exp\u00e9rience. Etre Miss ne veut en aucun cas dire que vous \u00eates mannequin pro. Il faut savoir que les agences de mannequins n&#8217;appr\u00e9cient pas forcement le fait que vous soyez Miss, car ce n&rsquo;est pas la m\u00eame activit\u00e9. Par exemple, vous ne d\u00e9filez pas pareil, vous n&#8217;avez g\u00e9n\u00e9ralement pas le droit de sourire lors des d\u00e9fil\u00e9s de mode.<\/em><\/strong>\n<p>&nbsp;<\/p>\n<strong><font color=\"#F79CD2\"><span style=\"font-size:13pt;\">Qui est mannequin ? Quel est le statut d\u2019un mannequin ?<\/span><\/font><br \/>\n&nbsp;<br \/>\n<em>La Loi dit ceci :<br \/>\nEst consid\u00e9r\u00e9e comme exer\u00e7ant l&#8217;activit\u00e9 de mannequin : toute personne charg\u00e9e de pr\u00e9senter au public, soit directement, soit indirectement par reproduction de son image sur tout support, un produit ou un service. Que la personne exerce cette activit\u00e9 \u00e0 titre professionnel ou \u00e0 titre occasionnel. Un mannequin est un salari\u00e9 du r\u00e9gime g\u00e9n\u00e9ral de la s\u00e9curit\u00e9 sociale. Il n\u2019est donc ni un intermittent du spectacle, ni un auto-entrepreneur, et encore moins \u00e9tabli en profession lib\u00e9rale (honoraires). Chaque prestation d\u2019un mannequin doit faire l\u2019objet d\u2019un contrat et d\u2019un bulletin de paie.<\/em><\/strong>\n<p>&nbsp;<\/p>\n<strong><font color=\"#F79CD2\"><span style=\"font-size:13pt;\">Afin de travailler dans le milieu de la mode, suis-je oblig\u00e9 d&#8217;int\u00e9grer une agence de mannequins !?<\/span><\/font><br \/>\n&nbsp;<br \/>\n<em>Bien s\u00fbr que non. Vous pouvez participer quand vous le souhaitez \u00e0 des s\u00e9ances photos avec des photographes. Certaines associations organisent m\u00eame des s\u00e9ances photos. De plus, vous pouvez participer \u00e0 des d\u00e9fil\u00e9s de mode organis\u00e9s avec\/par des associations.<\/p>\n<p>Il faut \u00e9galement savoir :<br \/>\n&laquo;&nbsp;Le travail des enfants \u00e2g\u00e9s de moins de 16 ans est, par principe, interdit en France sauf avec une autorisation sp\u00e9cifique. Il est cependant autoris\u00e9, par d\u00e9rogation, pour les enfants mannequins employ\u00e9s par une agence titulaire d&#8217;un agr\u00e9ment pr\u00e9fectoral.<br \/>\nLe recours a une agence sp\u00e9cialis\u00e9e enfants et juniors ou au d\u00e9partement enfants d&#8221;une agence mannequins adultes, licenci\u00e9e et poss\u00e9dant un agr\u00e9ment sp\u00e9cifique, constitue donc une garantie pr\u00e9vue par le Code du Travail.&nbsp;&raquo; Source : <a href=\"http:\/\/www.synam.org\" target=\"_blank\" rel=\"noopener noreferrer\">Synam.org<\/a><br \/>\n<\/em><\/strong>\n<p>&nbsp;<\/p>\n<strong><font color=\"#F79CD2\"><span style=\"font-size:13pt;\">J&#8217;ai moins de 16 ans, et alors !?<\/span><\/font><br \/>\n&nbsp;<br \/>\n<em>A part si vous avez la chance d&#8217;int\u00e9grer une agence de mannequins,<br \/>\nil est conseill\u00e9 d&#8217;attendre les 16 ans&#8230;<br \/>\n&nbsp;<br \/>\nVoici 2 articles de Loi :<br \/>\n&nbsp;<br \/>\n&laquo;&nbsp;Article L7124-1<br \/>\nUn enfant de moins de seize ans ne peut, sans autorisation individuelle pr\u00e9alable, accord\u00e9e par l&#8217;autorit\u00e9 administrative, \u00eatre, \u00e0 quelque titre que ce soit, engag\u00e9 ou produit :<br \/>\n1\u00b0 Dans une entreprise de spectacles, s\u00e9dentaire ou itin\u00e9rante ;<br \/>\n2\u00b0 Dans une entreprise de cin\u00e9ma, de radiophonie, de t\u00e9l\u00e9vision ou d&#8217;enregistrements sonores ;<br \/>\n3\u00b0 En vue d&#8217;exercer une activit\u00e9 de mannequin au sens de l&#8217;article L. 7123-2.&nbsp;&raquo;<br \/>\n&nbsp;<br \/>\n&laquo;&nbsp;Article L7123-2<br \/>\nEst consid\u00e9r\u00e9e comme exer\u00e7ant une activit\u00e9 de mannequin, m\u00eame si cette activit\u00e9 n&#8217;est exerc\u00e9e qu&#8217;\u00e0 titre occasionnel, toute personne qui est charg\u00e9e :<br \/>\n1\u00b0 Soit de pr\u00e9senter au public, directement ou indirectement par reproduction de son image sur tout support visuel ou audiovisuel, un produit, un service ou un message publicitaire ;<br \/>\n2\u00b0 Soit de poser comme mod\u00e8le, avec ou sans utilisation ult\u00e9rieure de son image.&nbsp;&raquo;<br \/>\n<\/em><\/strong>\n<p>&nbsp;<\/p>\n<strong><font color=\"#F79CD2\"><span style=\"font-size:13pt;\">Comment se passe un casting par une agence de mannequins ?<\/span>\u2028<\/font><br \/>\n&nbsp;<br \/>\n<em>Tout d\u2019abord, un casting doit \u00eatre totalement gratuit. Et un casting d\u2019enfants doit \u00eatre organis\u00e9 par une agence de mannequins titulaire de la Licence et agr\u00e9\u00e9e par sa Pr\u00e9fecture pour faire travailler des enfants en tant que mannequins.<br \/>\nLes castings ne sont pas consid\u00e9r\u00e9s comme un travail et ne font pas gagner de l&#8217;argent. Le r\u00e9sultat de la s\u00e9lection, s&#8217;il est positif, est communiqu\u00e9 aux candidats. Un mineur peut se pr\u00e9senter seul \u00e0 un casting s&#8217;il est muni d&#8217;une autorisation parentale \u00e9crite.<\/em><\/strong>\n<p>&nbsp;<\/p>\n<strong><font color=\"#F79CD2\"><span style=\"font-size:13pt;\">Mannequin, c&#8217;est la belle vie ?<\/span><\/font><br \/>\n&nbsp;<br \/>\n<em>Pas forcement ! Il faut une sacr\u00e9e personnalit\u00e9 pour faire une grande carri\u00e8re. Il faut faire des sacrifices. C&#8217;est une profession impitoyable qui ne s&#8217;embarrasse pas de sentiments. 99% des mannequins ont un &laquo;&nbsp;vrai&nbsp;&raquo; m\u00e9tier \u00e0 c\u00f4t\u00e9 pour pouvoir vivre. Ne surtout pas le faire si c&#8217;est dans un but de vouloir gagner beaucoup d&rsquo;argent, car vous allez vite \u00eatre d\u00e9\u00e7ue&#8230;<\/em><\/strong>\n<p>&nbsp;<\/p>\n<strong><font color=\"#F79CD2\"><span style=\"font-size:13pt;\">Je suis devenue accro aux s\u00e9ances photos et j&#8217;en fais avec pleins de photographes. Est-ce qu&#8217;il s&#8217;agit d&#8217;une bonne id\u00e9e !?<\/span><\/font><br \/>\n&nbsp;<br \/>\n<em>Cela d\u00e9pend&#8230; Il faut bien garder \u00e0 l&#8217;esprit qu&#8217;il faut faire de la qualit\u00e9 et non de la quantit\u00e9. Lors des premi\u00e8res s\u00e9ances photos, il faut apprendre \u00e0 bien poser, il faut \u00e9couter les conseils et les critiques des photographes \u00e0 votre \u00e9gard. L&#8217;id\u00e9al est donc de travailler s\u00e9rieusement avec quelques photographes, et d&#8217;\u00e9voluer avec eux. Et par la suite, vous pouvez accepter des propositions s\u00e9rieuses d&#8217;autres photographes qui vous proposent des projets int\u00e9ressants.<\/em><\/strong>\n<p>&nbsp;<\/p>\n<strong><font color=\"#F79CD2\"><span style=\"font-size:13pt;\">J&#8217;ai 16 ans et j&#8217;aimerais faire de la photo en lingerie. Ai-je raison de vouloir en faire !?<\/span><\/font><br \/>\n&nbsp;<br \/>\n<em>AdoMode vous le d\u00e9conseille pour plusieurs raisons :<br \/>\n1\/ Vous pouvez attendre d&#8217;\u00eatre majeure, pour le faire&#8230; Cela \u00e9vite d&#8217;avoir des probl\u00e8mes, tels que des pervers (et p\u00e9dophiles) qui regardent vos photos sur internet, et \u00e9galement d&#8217;\u00e9viter que des amis vous critiquent sur ces photos en lingerie.<br \/>\n2\/ Vous allez attirer tous les photographes amateurs qui recherchent des mod\u00e8les en lingerie. Demandez donc des informations aux mod\u00e8les majeures qui ont fait de la photo en lingerie, et vous verez qu&#8217;elles re\u00e7oivent des propositions douteuses toutes les semaines via internet. Vous allez notamment re\u00e7evoir des propositions pay\u00e9es et qui peuvent mal finir&#8230;<br \/>\n3\/ Nous vous conseillons de le faire le plus tard possible&#8230;<br \/>\nVous avez le temps de le faire, essayez d&#8217;abord de progresser dans vos poses et vos expressions. D\u00e9veloppez d&#8217;abord votre book avec des tenues vari\u00e9es.<br \/>\n4\/ Si \u00e0 16 ans, vous avez d\u00e9j\u00e0 des photos en lingerie : par la suite, vous allez faire quoi !? A 18 ans, vous allez faire du nu ? Demandez aux mod\u00e8les majeures qui font de la photo en lingerie : combien de fois elles ont eu de demandes pour du nu, et combien de fois ont-elles accept\u00e9 au final !?&#8230; (Certaines filles l&#8217;acceptent apr\u00e8s plusieurs mois, pour de l&#8217;argent facile&#8230; et certaines font m\u00eame de la photo porno ensuite&#8230;)<br \/>\n5\/ Si vous avez des photos en lingerie, vous avez de grandes chances de ne jamais pouvoir \u00eatre s\u00e9lectionn\u00e9e \u00e0 un concours de Miss (exemple : qualificatif pour participer au concours Miss France), quand vous aurez au moins 18 ans.<br \/>\nAUTORISATION DES PARENTS : Si vous souhaitez en faire, l&rsquo;autorisation parentale est obligatoire.<\/em><\/strong>\n<p>&nbsp;<\/p>\n<strong><font color=\"#F79CD2\"><span style=\"font-size:13pt;\">Quel est la diff\u00e9rence entre de la photo de charme\/\u00e9rotique et de la photo porno\/x ?<\/span><\/font><br \/>\n&nbsp;<br \/>\n<em>Pour expliquer un peu le principe : la photo de charme est beau \u00e0 regarder que vous soyez une fille ou un gar\u00e7on&#8230; (exemple : le calendrier &laquo;&nbsp;Les Dieux du Stade&nbsp;&raquo;), alors que la photo porno est de la photo avec relation sexuelle, ce sont des photos tr\u00e8s os\u00e9es &laquo;&nbsp;on voit tout&nbsp;&raquo;, et sont tr\u00e8s peu regard\u00e9es par les filles&#8230;<br \/>\nLa photo de charme doit avoir une vision artistique et on la compare souvent \u00e0 de la photo sexy&#8230;<br \/>\nContrairement \u00e0 ce que pensent certaines personnes : les films \u00e9rotiques ne comportent pas de r\u00e9elles sc\u00e8nes avec des relations sexuelles&#8230; c&rsquo;est pour de faux, ce sont des acteurs qui font semblant !<br \/>\nSi on vous fait croire que vous devez avoir une relation sexuelle pour faire des photos de charme\/\u00e9rotique = Fuyez rapidement car c&#8217;est du porno\/x !!<\/em><\/strong>\n<p><\/span><\/p>\n&nbsp;<br \/>\nSi gr\u00e2ce \u00e0 AdoMode, vous avez par la suite une r\u00e9ussite : vous pouvez nous le faire savoir !<br \/>\nNous les avons aid\u00e9 : <strong><a href=\"http:\/\/www.adomode.net\/informations\/reussites\/mannequins\/\"><font color=\"#F79CD2\">Mannequins<\/font><\/a><\/strong> ou <strong><a href=\"http:\/\/www.adomode.net\/informations\/reussites\/ambassadrices\/\"><font color=\"#F79CD2\">Ambassadrices<\/font><\/a><\/strong>.<br \/>\n&nbsp;<br \/>\n&nbsp;<br \/>\n ","protected":false},"excerpt":{"rendered":"<p>Notre objectif est de r\u00e9pondre \u00e0 vos interrogations et de vous \u00e9viter d&#8217;avoir des soucis. &nbsp; Nous sommes \u00e0 votre disposition pour vous aider. Vous pouvez ainsi nous contacter afin d&#8217;avoir des r\u00e9ponses \u00e0 vos questions. &nbsp; &nbsp; Bon \u00e0 savoir : L\u2019inscription dans une vraie agence de mannequins est toujours gratuite. Vous n\u2019avez rien &hellip; <\/p>\n","protected":false},"author":1,"featured_media":0,"parent":0,"menu_order":0,"comment_status":"closed","ping_status":"closed","template":"","meta":[],"_links":{"self":[{"href":"http:\/\/adomode.net\/informations\/wp-json\/wp\/v2\/pages\/21"}],"collection":[{"href":"http:\/\/adomode.net\/informations\/wp-json\/wp\/v2\/pages"}],"about":[{"href":"http:\/\/adomode.net\/informations\/wp-json\/wp\/v2\/types\/page"}],"author":[{"embeddable":true,"href":"http:\/\/adomode.net\/informations\/wp-json\/wp\/v2\/users\/1"}],"replies":[{"embeddable":true,"href":"http:\/\/adomode.net\/informations\/wp-json\/wp\/v2\/comments?post=21"}],"version-history":[{"count":32,"href":"http:\/\/adomode.net\/informations\/wp-json\/wp\/v2\/pages\/21\/revisions"}],"predecessor-version":[{"id":900,"href":"http:\/\/adomode.net\/informations\/wp-json\/wp\/v2\/pages\/21\/revisions\/900"}],"wp:attachment":[{"href":"http:\/\/adomode.net\/informations\/wp-json\/wp\/v2\/media?parent=21"}],"curies":[{"name":"wp","href":"https:\/\/api.w.org\/{rel}","templated":true}]}}