{"id":503,"date":"2020-11-30T16:06:36","date_gmt":"2020-11-30T15:06:36","guid":{"rendered":"http:\/\/adomode.net\/informations\/?page_id=503"},"modified":"2020-12-14T04:56:44","modified_gmt":"2020-12-14T03:56:44","slug":"liens-internet","status":"publish","type":"page","link":"http:\/\/adomode.net\/informations\/liens-internet\/","title":{"rendered":"Liens Internet"},"content":{"rendered":"\n<p><u>Voici des liens internet que nous vous conseillons<\/u> :<\/p>\n\n\n<h3><strong><a href=\"http:\/\/www.photographes-france.com\">www.Photographes-France.com<\/a><\/strong><\/h3>\n<h3><a href=\"http:\/\/www.balades-en-france.net\"><strong>www.Balades-en-France.net<\/strong><\/a><\/h3>\n<h3><a href=\"http:\/\/www.modinfo.fr\"><strong>www.Modinfo.fr<\/strong><\/a><\/h3>\n<p><\/p>\n<p><em>Si vous avez un lien internet \u00e0 nous conseiller : Merci de prendre contact !<\/em><\/p>\n<p><\/p>\n<p>Pour un \u00e9change de banni\u00e8res, si vous avez un site internet,<\/p>\n<p><strong>Banni\u00e8re 1 :<\/strong><\/p>\n<p><a href=\"http:\/\/www.adomode.net\" target=\"_blank\" rel=\"noopener noreferrer\"><img src=\"http:\/\/www.adomode.net\/adomode-ban468x60.gif\" alt=\"ADOMODE.NET\"><\/a><\/p>\n<p><strong>Banni\u00e8re 2 :<\/strong><\/p>\n<p><a href=\"http:\/\/www.adomode.net\" target=\"_blank\" rel=\"noopener noreferrer\"><img src=\"http:\/\/www.adomode.net\/adomode-ban468x60.jpg\" alt=\"ADOMODE.NET\"><\/a><\/p>\n<p><\/p>\n\n\n<hr class=\"wp-block-separator\"\/>\n\n\n\n&nbsp;<br>\n ","protected":false},"excerpt":{"rendered":"<p>Voici des liens internet que nous vous conseillons : www.Photographes-France.com www.Balades-en-France.net www.Modinfo.fr Si vous avez un lien internet \u00e0 nous conseiller : Merci de prendre contact ! Pour un \u00e9change de banni\u00e8res, si vous avez un site internet, Banni\u00e8re 1 : Banni\u00e8re 2 : &nbsp;<\/p>\n","protected":false},"author":1,"featured_media":0,"parent":0,"menu_order":0,"comment_status":"closed","ping_status":"closed","template":"","meta":[],"_links":{"self":[{"href":"http:\/\/adomode.net\/informations\/wp-json\/wp\/v2\/pages\/503"}],"collection":[{"href":"http:\/\/adomode.net\/informations\/wp-json\/wp\/v2\/pages"}],"about":[{"href":"http:\/\/adomode.net\/informations\/wp-json\/wp\/v2\/types\/page"}],"author":[{"embeddable":true,"href":"http:\/\/adomode.net\/informations\/wp-json\/wp\/v2\/users\/1"}],"replies":[{"embeddable":true,"href":"http:\/\/adomode.net\/informations\/wp-json\/wp\/v2\/comments?post=503"}],"version-history":[{"count":17,"href":"http:\/\/adomode.net\/informations\/wp-json\/wp\/v2\/pages\/503\/revisions"}],"predecessor-version":[{"id":1079,"href":"http:\/\/adomode.net\/informations\/wp-json\/wp\/v2\/pages\/503\/revisions\/1079"}],"wp:attachment":[{"href":"http:\/\/adomode.net\/informations\/wp-json\/wp\/v2\/media?parent=503"}],"curies":[{"name":"wp","href":"https:\/\/api.w.org\/{rel}","templated":true}]}}